{"id":622,"date":"2020-03-10T15:22:10","date_gmt":"2020-03-10T15:22:10","guid":{"rendered":"https:\/\/www.activalia.es\/home\/activuser\/wordpress\/?page_id=622"},"modified":"2020-03-10T20:12:00","modified_gmt":"2020-03-10T20:12:00","slug":"informes-de-office-365","status":"publish","type":"page","link":"https:\/\/www.activalia.es\/home\/activuser\/wordpress\/informes-de-office-365\/","title":{"rendered":"GSX 365 Usage"},"content":{"rendered":"<h4 style=\"text-align: justify;\"><b>Informes detallados y an\u00e1lisis del entorno de Office 365<\/p>\n<p><\/b><b>Herramienta de informes de Office 365<\/p>\n<p><\/b><b>GSX 365 Usage es una aplicaci\u00f3n SaaS f\u00e1cil de usar que permite crear m\u00e1s de 100 informes personalizables sobre el entorno de Office 365<\/b><\/h4>\n<p><b> <\/b>Proporciona informes de Office 365 en forma de servicio a cualquier persona de la organizaci\u00f3n<\/p>\n<p>Optimiza los costes de las licencias<\/p>\n<p>Impulsa la adopci\u00f3n de uso<\/p>\n<p>Compatibilidad con Office 365, incluido Exchange Online, Skype for Business Online, Azure Active Directory, Licencias, SharePoint Online, OneDrive para empresas, Dispositivos m\u00f3viles y Seguridad.<\/p>\n<h4 style=\"text-align: justify;\"><b>Enfrent\u00e1ndose al desaf\u00edo de los informes de Office 365<\/b><\/h4>\n<p style=\"text-align: justify;\">Office 365 viene con muchas complementos, muchas caracter\u00edsticas y muchos tipos de licencias. Hacer un seguimiento de qui\u00e9n necesita qu\u00e9 y qui\u00e9n usa lo que es complicado.<\/p>\n<p style=\"text-align: justify;\">\u00bfC\u00f3mo crear un informe para el departamento de finanzas que necesita conocer las licencias de Office 365 (E1, E3 o E5) elegidas por pa\u00eds o por departamento y el uso de estas licencias?<\/p>\n<p style=\"text-align: justify;\">\u00bfC\u00f3mo proporcionar informes de uso y licencias a todos los pa\u00edses y subsidiarias vinculados al Tenant?<\/p>\n<p style=\"text-align: justify;\">Es dif\u00edcil y lleva mucho tiempo.<\/p>\n<p><a href=\"https:\/\/i0.wp.com\/www.activalia.es\/home\/activuser\/wordpress\/wp-content\/uploads\/2020\/03\/Image1-3.png?ssl=1\"><img data-attachment-id=\"623\" data-permalink=\"https:\/\/www.activalia.es\/home\/activuser\/wordpress\/informes-de-office-365\/attachment\/image1-3\/\" data-orig-file=\"https:\/\/i0.wp.com\/www.activalia.es\/home\/activuser\/wordpress\/wp-content\/uploads\/2020\/03\/Image1-3.png?fit=1521%2C1239&amp;ssl=1\" data-orig-size=\"1521,1239\" data-comments-opened=\"0\" data-image-meta=\"{&quot;aperture&quot;:&quot;0&quot;,&quot;credit&quot;:&quot;&quot;,&quot;camera&quot;:&quot;&quot;,&quot;caption&quot;:&quot;&quot;,&quot;created_timestamp&quot;:&quot;0&quot;,&quot;copyright&quot;:&quot;&quot;,&quot;focal_length&quot;:&quot;0&quot;,&quot;iso&quot;:&quot;0&quot;,&quot;shutter_speed&quot;:&quot;0&quot;,&quot;title&quot;:&quot;&quot;,&quot;orientation&quot;:&quot;0&quot;}\" data-image-title=\"Image1-3\" data-image-description=\"\" data-image-caption=\"\" data-medium-file=\"https:\/\/i0.wp.com\/www.activalia.es\/home\/activuser\/wordpress\/wp-content\/uploads\/2020\/03\/Image1-3.png?fit=300%2C244&amp;ssl=1\" data-large-file=\"https:\/\/i0.wp.com\/www.activalia.es\/home\/activuser\/wordpress\/wp-content\/uploads\/2020\/03\/Image1-3.png?fit=525%2C428&amp;ssl=1\" decoding=\"async\" loading=\"lazy\" class=\"size-full wp-image-623 aligncenter\" src=\"https:\/\/i0.wp.com\/www.activalia.es\/home\/activuser\/wordpress\/wp-content\/uploads\/2020\/03\/Image1-3.png?resize=525%2C428&#038;ssl=1\" alt=\"\" width=\"525\" height=\"428\" srcset=\"https:\/\/i0.wp.com\/www.activalia.es\/home\/activuser\/wordpress\/wp-content\/uploads\/2020\/03\/Image1-3.png?w=1521&amp;ssl=1 1521w, https:\/\/i0.wp.com\/www.activalia.es\/home\/activuser\/wordpress\/wp-content\/uploads\/2020\/03\/Image1-3.png?resize=300%2C244&amp;ssl=1 300w, https:\/\/i0.wp.com\/www.activalia.es\/home\/activuser\/wordpress\/wp-content\/uploads\/2020\/03\/Image1-3.png?resize=1024%2C834&amp;ssl=1 1024w, https:\/\/i0.wp.com\/www.activalia.es\/home\/activuser\/wordpress\/wp-content\/uploads\/2020\/03\/Image1-3.png?resize=768%2C626&amp;ssl=1 768w\" sizes=\"(max-width: 706px) 89vw, (max-width: 767px) 82vw, 740px\" data-recalc-dims=\"1\" \/><\/a><\/p>\n<h4 style=\"text-align: justify;\"><b>Optimizar los costes de las licencias e impulsar la adopci\u00f3n del uso<\/b><\/h4>\n<p style=\"text-align: justify;\"><b>Ahorrar dinero <\/b>identificando las licencias no utilizadas y analizando c\u00f3mo se utilizan los servicios de Office 365.<\/p>\n<p style=\"text-align: justify;\"><b>Identificar tendencias <\/b>y medir la adopci\u00f3n de uso de los servicios en la nube.<\/p>\n<p style=\"text-align: justify;\"><b>Lanzar una campa\u00f1a de adopci\u00f3n de uso<\/b> directamente a los usuarios, equipos y departamentos adecuados.<\/p>\n<p style=\"text-align: justify;\"><b>Supervisar<\/b> f\u00e1cilmente el cumplimiento de las pol\u00edticas de la organizaci\u00f3n e identificar los riesgos de seguridad.<\/p>\n<p style=\"text-align: justify;\"><b>Realizar un seguimiento del progreso de la migraci\u00f3n<\/b> y actualizar autom\u00e1ticamente a las partes interesadas.<\/p>\n<p style=\"text-align: justify;\"><b>Ver y auditar las configuraciones<\/b>, los permisos, el almacenamiento y el uso.<\/p>\n<p class=\"jetpack-slideshow-noscript robots-nocontent\">El pase de diapositivas requiere JavaScript.<\/p><div id=\"gallery-622-1-slideshow\" class=\"jetpack-slideshow-window jetpack-slideshow jetpack-slideshow-black\" data-trans=\"fade\" data-autostart=\"1\" data-gallery=\"[{&quot;src&quot;:&quot;https:\\\/\\\/i0.wp.com\\\/www.activalia.es\\\/home\\\/activuser\\\/wordpress\\\/wp-content\\\/uploads\\\/2020\\\/03\\\/365-Security_and_compliance_reports_screenshot-1.png?fit=780%2C450\\u0026ssl=1&quot;,&quot;id&quot;:&quot;630&quot;,&quot;title&quot;:&quot;365 Security_and_compliance_reports_screenshot-1&quot;,&quot;alt&quot;:&quot;&quot;,&quot;caption&quot;:&quot;&quot;,&quot;itemprop&quot;:&quot;image&quot;},{&quot;src&quot;:&quot;https:\\\/\\\/i0.wp.com\\\/www.activalia.es\\\/home\\\/activuser\\\/wordpress\\\/wp-content\\\/uploads\\\/2020\\\/03\\\/365-Mobile_Devices_by_Manufacturer_screenshot-1.png?fit=780%2C450\\u0026ssl=1&quot;,&quot;id&quot;:&quot;629&quot;,&quot;title&quot;:&quot;365 Mobile_Devices_by_Manufacturer_screenshot-1&quot;,&quot;alt&quot;:&quot;&quot;,&quot;caption&quot;:&quot;&quot;,&quot;itemprop&quot;:&quot;image&quot;},{&quot;src&quot;:&quot;https:\\\/\\\/i0.wp.com\\\/www.activalia.es\\\/home\\\/activuser\\\/wordpress\\\/wp-content\\\/uploads\\\/2020\\\/03\\\/365-ExchangeReports-1-1.png?fit=780%2C450\\u0026ssl=1&quot;,&quot;id&quot;:&quot;625&quot;,&quot;title&quot;:&quot;365 ExchangeReports-1-1&quot;,&quot;alt&quot;:&quot;&quot;,&quot;caption&quot;:&quot;&quot;,&quot;itemprop&quot;:&quot;image&quot;},{&quot;src&quot;:&quot;https:\\\/\\\/i0.wp.com\\\/www.activalia.es\\\/home\\\/activuser\\\/wordpress\\\/wp-content\\\/uploads\\\/2020\\\/03\\\/365-1-LicenceReports-1-1.png?fit=780%2C450\\u0026ssl=1&quot;,&quot;id&quot;:&quot;624&quot;,&quot;title&quot;:&quot;365 1 LicenceReports-1-1&quot;,&quot;alt&quot;:&quot;&quot;,&quot;caption&quot;:&quot;&quot;,&quot;itemprop&quot;:&quot;image&quot;},{&quot;src&quot;:&quot;https:\\\/\\\/i0.wp.com\\\/www.activalia.es\\\/home\\\/activuser\\\/wordpress\\\/wp-content\\\/uploads\\\/2020\\\/03\\\/365-GeneralUserReports-1-1.png?fit=780%2C450\\u0026ssl=1&quot;,&quot;id&quot;:&quot;627&quot;,&quot;title&quot;:&quot;365 GeneralUserReports-1-1&quot;,&quot;alt&quot;:&quot;&quot;,&quot;caption&quot;:&quot;&quot;,&quot;itemprop&quot;:&quot;image&quot;},{&quot;src&quot;:&quot;https:\\\/\\\/i0.wp.com\\\/www.activalia.es\\\/home\\\/activuser\\\/wordpress\\\/wp-content\\\/uploads\\\/2020\\\/03\\\/365-Mail_traffic_reports_screenshot-1.png?fit=780%2C450\\u0026ssl=1&quot;,&quot;id&quot;:&quot;628&quot;,&quot;title&quot;:&quot;365 Mail_traffic_reports_screenshot-1&quot;,&quot;alt&quot;:&quot;&quot;,&quot;caption&quot;:&quot;&quot;,&quot;itemprop&quot;:&quot;image&quot;},{&quot;src&quot;:&quot;https:\\\/\\\/i0.wp.com\\\/www.activalia.es\\\/home\\\/activuser\\\/wordpress\\\/wp-content\\\/uploads\\\/2020\\\/03\\\/365-Skype_for_Business_Reports_screenshot-1.png?fit=780%2C450\\u0026ssl=1&quot;,&quot;id&quot;:&quot;631&quot;,&quot;title&quot;:&quot;365 Skype_for_Business_Reports_screenshot-1&quot;,&quot;alt&quot;:&quot;&quot;,&quot;caption&quot;:&quot;&quot;,&quot;itemprop&quot;:&quot;image&quot;},{&quot;src&quot;:&quot;https:\\\/\\\/i0.wp.com\\\/www.activalia.es\\\/home\\\/activuser\\\/wordpress\\\/wp-content\\\/uploads\\\/2020\\\/03\\\/365-TopSharepointSitesBySize-1.png?fit=780%2C450\\u0026ssl=1&quot;,&quot;id&quot;:&quot;632&quot;,&quot;title&quot;:&quot;365 TopSharepointSitesBySize-1&quot;,&quot;alt&quot;:&quot;&quot;,&quot;caption&quot;:&quot;&quot;,&quot;itemprop&quot;:&quot;image&quot;}]\" itemscope itemtype=\"https:\/\/schema.org\/ImageGallery\"><\/div>\n<p>&nbsp;<\/p>\n<p style=\"text-align: center;\"><a href=\"https:\/\/www.activalia.es\/home\/activuser\/wordpress\/wp-content\/uploads\/2020\/03\/Brochure-GSX-365-Usage-and-Security-Audit.pdf\" target=\"_blank\" rel=\"noopener noreferrer\"><strong>Descarga el folleto de GSX 365 Usage<\/strong><\/a><\/p>\n","protected":false},"excerpt":{"rendered":"<p>Informes detallados y an\u00e1lisis del entorno de Office 365 Herramienta de informes de Office 365 GSX 365 Usage es una aplicaci\u00f3n SaaS f\u00e1cil de usar que permite crear m\u00e1s de 100 informes personalizables sobre el entorno de Office 365 Proporciona informes de Office 365 en forma de servicio a cualquier persona de la organizaci\u00f3n Optimiza &hellip; <\/p>\n<p class=\"link-more\"><a href=\"https:\/\/www.activalia.es\/home\/activuser\/wordpress\/informes-de-office-365\/\" class=\"more-link\">Continuar leyendo<span class=\"screen-reader-text\"> \u00abGSX 365 Usage\u00bb<\/span><\/a><\/p>\n","protected":false},"author":1,"featured_media":0,"parent":0,"menu_order":0,"comment_status":"closed","ping_status":"closed","template":"","meta":{"jetpack_post_was_ever_published":false,"footnotes":""},"yoast_head":"<!-- This site is optimized with the Yoast SEO plugin v21.4 - https:\/\/yoast.com\/wordpress\/plugins\/seo\/ -->\n<title>GSX 365 Usage - ACTIVALIA<\/title>\n<meta name=\"robots\" content=\"index, follow, max-snippet:-1, max-image-preview:large, max-video-preview:-1\" \/>\n<link rel=\"canonical\" href=\"https:\/\/www.activalia.es\/home\/activuser\/wordpress\/informes-de-office-365\/\" \/>\n<meta property=\"og:locale\" content=\"es_ES\" \/>\n<meta property=\"og:type\" content=\"article\" \/>\n<meta property=\"og:title\" content=\"GSX 365 Usage - ACTIVALIA\" \/>\n<meta property=\"og:description\" content=\"Informes detallados y an\u00e1lisis del entorno de Office 365 Herramienta de informes de Office 365 GSX 365 Usage es una aplicaci\u00f3n SaaS f\u00e1cil de usar que permite crear m\u00e1s de 100 informes personalizables sobre el entorno de Office 365 Proporciona informes de Office 365 en forma de servicio a cualquier persona de la organizaci\u00f3n Optimiza &hellip; Continuar leyendo &quot;GSX 365 Usage&quot;\" \/>\n<meta property=\"og:url\" content=\"https:\/\/www.activalia.es\/home\/activuser\/wordpress\/informes-de-office-365\/\" \/>\n<meta property=\"og:site_name\" content=\"ACTIVALIA\" \/>\n<meta property=\"article:modified_time\" content=\"2020-03-10T20:12:00+00:00\" \/>\n<meta property=\"og:image\" content=\"https:\/\/www.activalia.es\/home\/activuser\/wordpress\/wp-content\/uploads\/2020\/03\/Image1-3.png\" \/>\n<meta name=\"twitter:card\" content=\"summary_large_image\" \/>\n<meta name=\"twitter:label1\" content=\"Tiempo de lectura\" \/>\n\t<meta name=\"twitter:data1\" content=\"2 minutos\" \/>\n<script type=\"application\/ld+json\" class=\"yoast-schema-graph\">{\"@context\":\"https:\/\/schema.org\",\"@graph\":[{\"@type\":\"WebPage\",\"@id\":\"https:\/\/www.activalia.es\/home\/activuser\/wordpress\/informes-de-office-365\/\",\"url\":\"https:\/\/www.activalia.es\/home\/activuser\/wordpress\/informes-de-office-365\/\",\"name\":\"GSX 365 Usage - ACTIVALIA\",\"isPartOf\":{\"@id\":\"https:\/\/www.activalia.es\/home\/activuser\/wordpress\/#website\"},\"datePublished\":\"2020-03-10T15:22:10+00:00\",\"dateModified\":\"2020-03-10T20:12:00+00:00\",\"breadcrumb\":{\"@id\":\"https:\/\/www.activalia.es\/home\/activuser\/wordpress\/informes-de-office-365\/#breadcrumb\"},\"inLanguage\":\"es\",\"potentialAction\":[{\"@type\":\"ReadAction\",\"target\":[\"https:\/\/www.activalia.es\/home\/activuser\/wordpress\/informes-de-office-365\/\"]}]},{\"@type\":\"BreadcrumbList\",\"@id\":\"https:\/\/www.activalia.es\/home\/activuser\/wordpress\/informes-de-office-365\/#breadcrumb\",\"itemListElement\":[{\"@type\":\"ListItem\",\"position\":1,\"name\":\"Portada\",\"item\":\"https:\/\/www.activalia.es\/home\/activuser\/wordpress\/\"},{\"@type\":\"ListItem\",\"position\":2,\"name\":\"GSX 365 Usage\"}]},{\"@type\":\"WebSite\",\"@id\":\"https:\/\/www.activalia.es\/home\/activuser\/wordpress\/#website\",\"url\":\"https:\/\/www.activalia.es\/home\/activuser\/wordpress\/\",\"name\":\"ACTIVALIA\",\"description\":\"Sitio web de Activalia Sistemas de Informaci\u00f3n\",\"potentialAction\":[{\"@type\":\"SearchAction\",\"target\":{\"@type\":\"EntryPoint\",\"urlTemplate\":\"https:\/\/www.activalia.es\/home\/activuser\/wordpress\/?s={search_term_string}\"},\"query-input\":\"required name=search_term_string\"}],\"inLanguage\":\"es\"}]}<\/script>\n<!-- \/ Yoast SEO plugin. -->","yoast_head_json":{"title":"GSX 365 Usage - ACTIVALIA","robots":{"index":"index","follow":"follow","max-snippet":"max-snippet:-1","max-image-preview":"max-image-preview:large","max-video-preview":"max-video-preview:-1"},"canonical":"https:\/\/www.activalia.es\/home\/activuser\/wordpress\/informes-de-office-365\/","og_locale":"es_ES","og_type":"article","og_title":"GSX 365 Usage - ACTIVALIA","og_description":"Informes detallados y an\u00e1lisis del entorno de Office 365 Herramienta de informes de Office 365 GSX 365 Usage es una aplicaci\u00f3n SaaS f\u00e1cil de usar que permite crear m\u00e1s de 100 informes personalizables sobre el entorno de Office 365 Proporciona informes de Office 365 en forma de servicio a cualquier persona de la organizaci\u00f3n Optimiza &hellip; Continuar leyendo \"GSX 365 Usage\"","og_url":"https:\/\/www.activalia.es\/home\/activuser\/wordpress\/informes-de-office-365\/","og_site_name":"ACTIVALIA","article_modified_time":"2020-03-10T20:12:00+00:00","og_image":[{"url":"https:\/\/www.activalia.es\/home\/activuser\/wordpress\/wp-content\/uploads\/2020\/03\/Image1-3.png"}],"twitter_card":"summary_large_image","twitter_misc":{"Tiempo de lectura":"2 minutos"},"schema":{"@context":"https:\/\/schema.org","@graph":[{"@type":"WebPage","@id":"https:\/\/www.activalia.es\/home\/activuser\/wordpress\/informes-de-office-365\/","url":"https:\/\/www.activalia.es\/home\/activuser\/wordpress\/informes-de-office-365\/","name":"GSX 365 Usage - ACTIVALIA","isPartOf":{"@id":"https:\/\/www.activalia.es\/home\/activuser\/wordpress\/#website"},"datePublished":"2020-03-10T15:22:10+00:00","dateModified":"2020-03-10T20:12:00+00:00","breadcrumb":{"@id":"https:\/\/www.activalia.es\/home\/activuser\/wordpress\/informes-de-office-365\/#breadcrumb"},"inLanguage":"es","potentialAction":[{"@type":"ReadAction","target":["https:\/\/www.activalia.es\/home\/activuser\/wordpress\/informes-de-office-365\/"]}]},{"@type":"BreadcrumbList","@id":"https:\/\/www.activalia.es\/home\/activuser\/wordpress\/informes-de-office-365\/#breadcrumb","itemListElement":[{"@type":"ListItem","position":1,"name":"Portada","item":"https:\/\/www.activalia.es\/home\/activuser\/wordpress\/"},{"@type":"ListItem","position":2,"name":"GSX 365 Usage"}]},{"@type":"WebSite","@id":"https:\/\/www.activalia.es\/home\/activuser\/wordpress\/#website","url":"https:\/\/www.activalia.es\/home\/activuser\/wordpress\/","name":"ACTIVALIA","description":"Sitio web de Activalia Sistemas de Informaci\u00f3n","potentialAction":[{"@type":"SearchAction","target":{"@type":"EntryPoint","urlTemplate":"https:\/\/www.activalia.es\/home\/activuser\/wordpress\/?s={search_term_string}"},"query-input":"required name=search_term_string"}],"inLanguage":"es"}]}},"jetpack_sharing_enabled":true,"jetpack_shortlink":"https:\/\/wp.me\/P7QtL8-a2","_links":{"self":[{"href":"https:\/\/www.activalia.es\/home\/activuser\/wordpress\/wp-json\/wp\/v2\/pages\/622"}],"collection":[{"href":"https:\/\/www.activalia.es\/home\/activuser\/wordpress\/wp-json\/wp\/v2\/pages"}],"about":[{"href":"https:\/\/www.activalia.es\/home\/activuser\/wordpress\/wp-json\/wp\/v2\/types\/page"}],"author":[{"embeddable":true,"href":"https:\/\/www.activalia.es\/home\/activuser\/wordpress\/wp-json\/wp\/v2\/users\/1"}],"replies":[{"embeddable":true,"href":"https:\/\/www.activalia.es\/home\/activuser\/wordpress\/wp-json\/wp\/v2\/comments?post=622"}],"version-history":[{"count":6,"href":"https:\/\/www.activalia.es\/home\/activuser\/wordpress\/wp-json\/wp\/v2\/pages\/622\/revisions"}],"predecessor-version":[{"id":691,"href":"https:\/\/www.activalia.es\/home\/activuser\/wordpress\/wp-json\/wp\/v2\/pages\/622\/revisions\/691"}],"wp:attachment":[{"href":"https:\/\/www.activalia.es\/home\/activuser\/wordpress\/wp-json\/wp\/v2\/media?parent=622"}],"curies":[{"name":"wp","href":"https:\/\/api.w.org\/{rel}","templated":true}]}}