{"id":606,"date":"2020-03-10T14:53:54","date_gmt":"2020-03-10T14:53:54","guid":{"rendered":"https:\/\/www.activalia.es\/home\/activuser\/wordpress\/?page_id=606"},"modified":"2020-10-22T05:51:06","modified_gmt":"2020-10-22T05:51:06","slug":"gsx-2","status":"publish","type":"page","link":"https:\/\/www.activalia.es\/home\/activuser\/wordpress\/gsx-2\/","title":{"rendered":""},"content":{"rendered":"<p style=\"text-align: justify;\"><a href=\"https:\/\/gsx.com\" target=\"_blank\" rel=\"noopener noreferrer\"><img data-attachment-id=\"607\" data-permalink=\"https:\/\/www.activalia.es\/home\/activuser\/wordpress\/gsx-2\/attachment\/logo-gsx-site-2019-bleu-1\/\" data-orig-file=\"https:\/\/i0.wp.com\/www.activalia.es\/home\/activuser\/wordpress\/wp-content\/uploads\/2020\/03\/LOGO-GSX-SITE-2019-BLEU-1.png?fit=380%2C149&amp;ssl=1\" data-orig-size=\"380,149\" data-comments-opened=\"0\" data-image-meta=\"{&quot;aperture&quot;:&quot;0&quot;,&quot;credit&quot;:&quot;&quot;,&quot;camera&quot;:&quot;&quot;,&quot;caption&quot;:&quot;&quot;,&quot;created_timestamp&quot;:&quot;0&quot;,&quot;copyright&quot;:&quot;&quot;,&quot;focal_length&quot;:&quot;0&quot;,&quot;iso&quot;:&quot;0&quot;,&quot;shutter_speed&quot;:&quot;0&quot;,&quot;title&quot;:&quot;&quot;,&quot;orientation&quot;:&quot;0&quot;}\" data-image-title=\"LOGO-GSX-SITE-2019-BLEU-1\" data-image-description=\"\" data-image-caption=\"\" data-medium-file=\"https:\/\/i0.wp.com\/www.activalia.es\/home\/activuser\/wordpress\/wp-content\/uploads\/2020\/03\/LOGO-GSX-SITE-2019-BLEU-1.png?fit=300%2C118&amp;ssl=1\" data-large-file=\"https:\/\/i0.wp.com\/www.activalia.es\/home\/activuser\/wordpress\/wp-content\/uploads\/2020\/03\/LOGO-GSX-SITE-2019-BLEU-1.png?fit=380%2C149&amp;ssl=1\" decoding=\"async\" loading=\"lazy\" class=\"aligncenter wp-image-607 size-full\" src=\"https:\/\/i0.wp.com\/www.activalia.es\/home\/activuser\/wordpress\/wp-content\/uploads\/2020\/03\/LOGO-GSX-SITE-2019-BLEU-1.png?resize=380%2C149&#038;ssl=1\" alt=\"\" width=\"380\" height=\"149\" srcset=\"https:\/\/i0.wp.com\/www.activalia.es\/home\/activuser\/wordpress\/wp-content\/uploads\/2020\/03\/LOGO-GSX-SITE-2019-BLEU-1.png?w=380&amp;ssl=1 380w, https:\/\/i0.wp.com\/www.activalia.es\/home\/activuser\/wordpress\/wp-content\/uploads\/2020\/03\/LOGO-GSX-SITE-2019-BLEU-1.png?resize=300%2C118&amp;ssl=1 300w\" sizes=\"(max-width: 380px) 100vw, 380px\" data-recalc-dims=\"1\" \/><\/a><\/p>\n<p style=\"text-align: justify;\">Es imposible garantizar la satisfacci\u00f3n del usuario final y la adopci\u00f3n de Office 365 si no se comprende la calidad del servicio prestado a las l\u00edneas comerciales.<\/p>\n<p style=\"text-align: justify;\"><span style=\"font-size: 20px;\"><strong>GSX Solutions<\/strong><\/span> proporciona la \u00fanica soluci\u00f3n de monitorizaci\u00f3n de la experiencia del usuario final de Office 365 que realmente mide la calidad del servicio a sus usuarios, permitiendo que TI tenga el control de la entrega de los mismos.<\/p>\n<p style=\"text-align: justify;\">Trabajando codo con codo con Microsoft para m\u00e1s de 400 grandes empresas en el mundo, GSX est\u00e1 enfocado en reducir constantemente el riesgo operativo y financiero de los negocios, mientras asegura la productividad de los empleados.<\/p>\n","protected":false},"excerpt":{"rendered":"<p>Es imposible garantizar la satisfacci\u00f3n del usuario final y la adopci\u00f3n de Office 365 si no se comprende la calidad del servicio prestado a las l\u00edneas comerciales. GSX Solutions proporciona la \u00fanica soluci\u00f3n de monitorizaci\u00f3n de la experiencia del usuario final de Office 365 que realmente mide la calidad del servicio a sus usuarios, permitiendo &hellip; <\/p>\n<p class=\"link-more\"><a href=\"https:\/\/www.activalia.es\/home\/activuser\/wordpress\/gsx-2\/\" class=\"more-link\">Continuar leyendo<span class=\"screen-reader-text\"> \u00ab\u00bb<\/span><\/a><\/p>\n","protected":false},"author":1,"featured_media":0,"parent":0,"menu_order":0,"comment_status":"closed","ping_status":"closed","template":"","meta":{"jetpack_post_was_ever_published":false,"footnotes":""},"yoast_head":"<!-- This site is optimized with the Yoast SEO plugin v21.4 - https:\/\/yoast.com\/wordpress\/plugins\/seo\/ -->\n<title>GSX Solutions<\/title>\n<meta name=\"robots\" content=\"index, follow, max-snippet:-1, max-image-preview:large, max-video-preview:-1\" \/>\n<link rel=\"canonical\" href=\"https:\/\/www.activalia.es\/home\/activuser\/wordpress\/gsx-2\/\" \/>\n<meta property=\"og:locale\" content=\"es_ES\" \/>\n<meta property=\"og:type\" content=\"article\" \/>\n<meta property=\"og:title\" content=\"GSX Solutions\" \/>\n<meta property=\"og:description\" content=\"Es imposible garantizar la satisfacci\u00f3n del usuario final y la adopci\u00f3n de Office 365 si no se comprende la calidad del servicio prestado a las l\u00edneas comerciales. GSX Solutions proporciona la \u00fanica soluci\u00f3n de monitorizaci\u00f3n de la experiencia del usuario final de Office 365 que realmente mide la calidad del servicio a sus usuarios, permitiendo &hellip; Continuar leyendo &quot;&quot;\" \/>\n<meta property=\"og:url\" content=\"https:\/\/www.activalia.es\/home\/activuser\/wordpress\/gsx-2\/\" \/>\n<meta property=\"og:site_name\" content=\"ACTIVALIA\" \/>\n<meta property=\"article:modified_time\" content=\"2020-10-22T05:51:06+00:00\" \/>\n<meta property=\"og:image\" content=\"https:\/\/www.activalia.es\/home\/activuser\/wordpress\/wp-content\/uploads\/2020\/03\/LOGO-GSX-SITE-2019-BLEU-1.png\" \/>\n<meta name=\"twitter:card\" content=\"summary_large_image\" \/>\n<meta name=\"twitter:label1\" content=\"Tiempo de lectura\" \/>\n\t<meta name=\"twitter:data1\" content=\"1 minuto\" \/>\n<script type=\"application\/ld+json\" class=\"yoast-schema-graph\">{\"@context\":\"https:\/\/schema.org\",\"@graph\":[{\"@type\":\"WebPage\",\"@id\":\"https:\/\/www.activalia.es\/home\/activuser\/wordpress\/gsx-2\/\",\"url\":\"https:\/\/www.activalia.es\/home\/activuser\/wordpress\/gsx-2\/\",\"name\":\"GSX Solutions\",\"isPartOf\":{\"@id\":\"https:\/\/www.activalia.es\/home\/activuser\/wordpress\/#website\"},\"datePublished\":\"2020-03-10T14:53:54+00:00\",\"dateModified\":\"2020-10-22T05:51:06+00:00\",\"inLanguage\":\"es\",\"potentialAction\":[{\"@type\":\"ReadAction\",\"target\":[\"https:\/\/www.activalia.es\/home\/activuser\/wordpress\/gsx-2\/\"]}]},{\"@type\":\"WebSite\",\"@id\":\"https:\/\/www.activalia.es\/home\/activuser\/wordpress\/#website\",\"url\":\"https:\/\/www.activalia.es\/home\/activuser\/wordpress\/\",\"name\":\"ACTIVALIA\",\"description\":\"Sitio web de Activalia Sistemas de Informaci\u00f3n\",\"potentialAction\":[{\"@type\":\"SearchAction\",\"target\":{\"@type\":\"EntryPoint\",\"urlTemplate\":\"https:\/\/www.activalia.es\/home\/activuser\/wordpress\/?s={search_term_string}\"},\"query-input\":\"required name=search_term_string\"}],\"inLanguage\":\"es\"}]}<\/script>\n<!-- \/ Yoast SEO plugin. -->","yoast_head_json":{"title":"GSX Solutions","robots":{"index":"index","follow":"follow","max-snippet":"max-snippet:-1","max-image-preview":"max-image-preview:large","max-video-preview":"max-video-preview:-1"},"canonical":"https:\/\/www.activalia.es\/home\/activuser\/wordpress\/gsx-2\/","og_locale":"es_ES","og_type":"article","og_title":"GSX Solutions","og_description":"Es imposible garantizar la satisfacci\u00f3n del usuario final y la adopci\u00f3n de Office 365 si no se comprende la calidad del servicio prestado a las l\u00edneas comerciales. GSX Solutions proporciona la \u00fanica soluci\u00f3n de monitorizaci\u00f3n de la experiencia del usuario final de Office 365 que realmente mide la calidad del servicio a sus usuarios, permitiendo &hellip; Continuar leyendo \"\"","og_url":"https:\/\/www.activalia.es\/home\/activuser\/wordpress\/gsx-2\/","og_site_name":"ACTIVALIA","article_modified_time":"2020-10-22T05:51:06+00:00","og_image":[{"url":"https:\/\/www.activalia.es\/home\/activuser\/wordpress\/wp-content\/uploads\/2020\/03\/LOGO-GSX-SITE-2019-BLEU-1.png"}],"twitter_card":"summary_large_image","twitter_misc":{"Tiempo de lectura":"1 minuto"},"schema":{"@context":"https:\/\/schema.org","@graph":[{"@type":"WebPage","@id":"https:\/\/www.activalia.es\/home\/activuser\/wordpress\/gsx-2\/","url":"https:\/\/www.activalia.es\/home\/activuser\/wordpress\/gsx-2\/","name":"GSX Solutions","isPartOf":{"@id":"https:\/\/www.activalia.es\/home\/activuser\/wordpress\/#website"},"datePublished":"2020-03-10T14:53:54+00:00","dateModified":"2020-10-22T05:51:06+00:00","inLanguage":"es","potentialAction":[{"@type":"ReadAction","target":["https:\/\/www.activalia.es\/home\/activuser\/wordpress\/gsx-2\/"]}]},{"@type":"WebSite","@id":"https:\/\/www.activalia.es\/home\/activuser\/wordpress\/#website","url":"https:\/\/www.activalia.es\/home\/activuser\/wordpress\/","name":"ACTIVALIA","description":"Sitio web de Activalia Sistemas de Informaci\u00f3n","potentialAction":[{"@type":"SearchAction","target":{"@type":"EntryPoint","urlTemplate":"https:\/\/www.activalia.es\/home\/activuser\/wordpress\/?s={search_term_string}"},"query-input":"required name=search_term_string"}],"inLanguage":"es"}]}},"jetpack_sharing_enabled":true,"jetpack_shortlink":"https:\/\/wp.me\/P7QtL8-9M","_links":{"self":[{"href":"https:\/\/www.activalia.es\/home\/activuser\/wordpress\/wp-json\/wp\/v2\/pages\/606"}],"collection":[{"href":"https:\/\/www.activalia.es\/home\/activuser\/wordpress\/wp-json\/wp\/v2\/pages"}],"about":[{"href":"https:\/\/www.activalia.es\/home\/activuser\/wordpress\/wp-json\/wp\/v2\/types\/page"}],"author":[{"embeddable":true,"href":"https:\/\/www.activalia.es\/home\/activuser\/wordpress\/wp-json\/wp\/v2\/users\/1"}],"replies":[{"embeddable":true,"href":"https:\/\/www.activalia.es\/home\/activuser\/wordpress\/wp-json\/wp\/v2\/comments?post=606"}],"version-history":[{"count":6,"href":"https:\/\/www.activalia.es\/home\/activuser\/wordpress\/wp-json\/wp\/v2\/pages\/606\/revisions"}],"predecessor-version":[{"id":686,"href":"https:\/\/www.activalia.es\/home\/activuser\/wordpress\/wp-json\/wp\/v2\/pages\/606\/revisions\/686"}],"wp:attachment":[{"href":"https:\/\/www.activalia.es\/home\/activuser\/wordpress\/wp-json\/wp\/v2\/media?parent=606"}],"curies":[{"name":"wp","href":"https:\/\/api.w.org\/{rel}","templated":true}]}}